f c**5/20 + c**4/6 - c**3/2 + 10*c. Let t(z) = -z**3 - z**2 + 5*z + 3. Let m be t(-2). Determine r(m).
0
Let n(l) = 29 + 541*l**2 + 3*l**3 - 4*l**3 + 20*l - 74 + 534*l**2 - 1058*l**2. Give n(18).
-9
Let l(o) = o - 1. Let m(v) = 3*v - 2. Let j be m(2). Suppose -1 = -b + j. Suppose 0 = h - b*g + 16, 5*h - 2*g = -5*g + 4. Calculate l(h).
-2
Let b(h) = h + 14. Let c be (-4*(3 - 1))/((-10)/(-25)). Let x be b(c). Let p(u) = 2*u**2 + 10*u + 8. Determine p(x).
20
Let h(z) be the second derivative of -z**5/10 - 11*z**4/12 + z**3 + 5*z**2/2 + 150*z. Give h(-6).
5
Suppose 47 + 19 = -11*t. Let l(x) be the first derivative of x**4/4 + 7*x**3/3 + 3*x**2/2 + x + 5. Give l(t).
19
Let j(w) = 92*w**2 + 10*w + 6*w - 14*w - 1 - 97*w**2. Suppose m - 4*z = 9, 5*m - 7*z - 15 = -2*z. Give j(m).
-4
Let s(p) = p**3 + 6*p**2 - 52*p + 17. Let v be s(-11). Let d(t) = t + 10. What is d(v)?
-6
Let d(i) = -i - 6. Suppose w - c = 4*c - 8, 5*w = -2*c + 14. Suppose w*a + a = -3*q - 27, 3*q = a + 5. Give d(a).
2
Let h(v) = -2*v - 1. Let p be h(-3). Let c(n) = 32*n + p*n**2 + n**2 + n**3 - 2*n**3 - 37*n. Give c(5).
0
Suppose 0 = g - 6 - 18. Let w = 25 - g. Let f(x) = -12*x**2 + x - 1. What is f(w)?
-12
Let l(r) = r**3 + 4*r**2 - 3*r + 3. Suppose 14*y - 690 = 8*y. Let h be -1*2*y/46. Calculate l(h).
-7
Let y(c) be the first derivative of c**6/20 + c**5/60 - c**4/24 + 17*c**3/3 - 4. Let p(a) be the third derivative of y(a). Determine p(1).
19
Let t(c) = 0 - 1 - c + 0*c + 2. Suppose 2*o = -0*o - 12. Calculate t(o).
7
Let x(y) = -y**3 - 9*y**2 + y - 4. Let p(b) = -b**3 + 11*b**2 - b + 5. Let t(a) = -4*p(a) - 5*x(a). Give t(1).
9
Let z be 14/7*2/(-4). Let t be (6/8)/(z/(-4)). Let l(q) = 11*q - t*q + q**2 - 2*q**2 - 9. Determine l(6).
3
Let r(x) = 7*x - 37. Let g(m) = 6*m - 35. Let h(n) = 10*g(n) - 9*r(n). What is h(-3)?
-8
Let l(b) be the third derivative of -b**7/1680 - 7*b**6/720 + 2*b**5/15 - 11*b**2. Let n(m) be the third derivative of l(m). Calculate n(-6).
11
Suppose -5*a + 31 - 71 = 0. Let w(u) = 2*u**3 - 8*u**2 - 2*u + 3. Let p(f) = 3*f**3 - 8*f**2 - 3*f + 3. Let j(y) = -3*p(y) + 4*w(y). What is j(a)?
-5
Let k(d) = -2*d. Suppose 0 = 10*g - 6*g + 140. Let z = 32 + g. What is k(z)?
6
Let n(p) = -p**2 - p + 188. Let k be n(13). Let a(m) be the third derivative of 0*m + k*m**2 + 1/12*m**4 + 0 - 4/3*m**3. Determine a(6).
4
Let p(z) be the third derivative of z**5/60 - 17*z**4/24 + 17*z**3/6 - 2*z**2 + 56. Give p(16).
1
Let k(f) be the third derivative of -f**6/720 + f**5/60 + 5*f**4/3 - 5*f**2. Let z(g) be the second derivative of k(g). Give z(2).
0
Let s(z) = 7*z - 2. Let l be ((-7)/(-6 + -1))/1. Give s(l).
5
Let c(f) = -10*f**3 - 7*f**2 + f - 3. Let l(t) = -11*t**3 - 8*t**2 + 2*t - 3. Let w(h) = 6*c(h) - 5*l(h). Calculate w(-1).
4
Suppose 2*l = -5*w - 28, -2*w - 3*l - 8 = -3*w. Let s be (16 + w - 2)/(-2). Let m(u) be the third derivative of -u**4/24 - 2*u**3/3 + 7*u**2. Calculate m(s).
1
Let l(j) be the second derivative of -j**3/6 + 2*j**2 - j. Let p = 30 - 40. Let b be (-64)/p + (-2)/5. What is l(b)?
-2
Suppose -50*m = -48*m + 34. Let u = m + 15. Let r(g) = -3*g**3 - 2*g**2 - g + 2. Determine r(u).
20
Let i(c) = c**3 + 4*c**2 + 7*c + 7. Let x be i(-4). Let m = x - -24. Let t(o) = 1 + 83*o - o**2 - m - 76*o. Give t(3).
10
Suppose -3*x + l - 3*l + 8 = 0, -5*x - 5*l = -15. Let k(m) = 1 - 3*m + m + 5*m - m + m**x. Let o be 1/2 - 28/8. What is k(o)?
4
Let n(r) = 6*r**2 + 1. Let z(t) = t**2 - 2*t - 2. Let q be z(-2). Suppose q*w - 4 = 2. Calculate n(w).
7
Let h(x) = -8*x + 6. Let r(a) be the third derivative of -5*a**4/8 + 11*a**3/6 - a**2. Let j(b) = 5*h(b) - 3*r(b). Suppose 7*s = 14*s - 14. Give j(s).
7
Let o(b) = 2 - 422*b - 2*b**2 + 417*b + 1. Determine o(4).
-49
Let t(a) be the second derivative of a**3/6 - 2*a**2 + 7*a. Determine t(3).
-1
Let a(q) be the first derivative of q**3/3 - 5*q**2 + 17*q + 527. Determine a(7).
-4
Let q(s) = 3*s**2 + 16*s + 9. Let w(r) = -4*r**2 - 16*r - 8. Let c(m) = -3*q(m) - 2*w(m). Let v be c(-16). Let t(d) = -d**2 - 11*d - 5. Determine t(v).
-5
Let i(j) = -17*j**2 + 1. Let m(z) = -z**3 + 41*z + 41. Let r be m(-1). Determine i(r).
-16
Let y(l) = l + 12. Let s be y(-7). Suppose -s*i + 19 + 16 = 0. Let r(z) = 2*z**2 + 1 - 2*z**2 + i*z + z**2 + 2. Determine r(-6).
-3
Let b(r) = -r**3 + 3*r**2 - 2*r + 2. Let a be b(2). Let y = 5 - a. Let p(q) = -q**2 + 3*q + 0 + 0*q**3 - 2 - q**y. Calculate p(-3).
7
Let a(w) be the second derivative of -w**5/20 + 5*w**4/12 - w**3 - 11313*w. Let q be (-2)/(-1*2) + 3. Calculate a(q).
-8
Let h(v) = v**2 - 8*v + 8. Suppose 6*u = 3*u + 21. Let p be h(u). Let o(q) = 10*q - 9*q + 3*q**2 + 0*q. What is o(p)?
4
Let u(g) = -g**2 + 5*g - 6. Let j(n) = 3*n**2 + 12*n - 89. Let r be j(-8). Give u(r).
-20
Let p(r) = -r - 2. Let z(c) = -4*c - 2 + c + 6*c - 4*c. Let w be z(7). Calculate p(w).
7
Suppose 51*h - 24*h = 0. Let u(m) = m + 21. Calculate u(h).
21
Let a(l) = -l + 0 + 1 + 2*l. Suppose -500*y + 460*y = 240. Give a(y).
-5
Let s(q) be the first derivative of -1/4*q**4 - 9 + 9*q + 0*q**3 + 1/2*q**2. Give s(0).
9
Suppose -3*d + 4*f = -7, 2*d + 0*f = -f + 1. Suppose 0 = w + 2*a + 2, -2*w = a - 0*a + d. Let x(q) = 5*q - 2*q - 22 + w*q + 19. Determine x(-4).
-15
Let b(z) = -z - 2. Suppose -5*t + 1 = y, 3*y + 5*t = -0*t + 3. Let u = y - 5. What is b(u)?
2
Let k(y) = -y**2 - 8*y - 9. Let v(h) = -h - 28. Let r be v(-22). Calculate k(r).
3
Let k(w) = -w + 4. Suppose -i + 43 = -5*z + 153, z - 5*i - 22 = 0. Let a be ((-28)/(-3))/(-2) + z/33. Determine k(a).
8
Let s(i) be the second derivative of 1/20*i**5 + 9/2*i**2 + 14*i + 0 + i**3 + 7/12*i**4. Determine s(-6).
9
Let s(m) = m. Let q(u) = 7*u + 15. Let b(z) = q(z) - 6*s(z). Let g = -6 + 6. Calculate b(g).
15
Suppose -5*n = 9*n + 42. Let y(o) = o**3 + 6*o**2 + 4*o - 10. Let c be y(n). Let q(m) = m**2 - 4*m - 4. What is q(c)?
1
Let m(a) = a**2 + 4*a - 6. Suppose u + 3*u - 25 = 3*z, -2*z - 5 = -u. Suppose u*q = 9*q + 12. What is m(q)?
6
Let z(b) = -9*b - 1. Let j be z(-1). Suppose 2*c = 5*s + 16 + j, -5*c + 14 = -s. Let q(g) = -3 + 2*g - g + 2*g. What is q(c)?
3
Let q(a) be the third derivative of a**6/360 + a**5/24 + a**4/6 - 7*a**3/3 + 26*a**2. Let d(i) be the first derivative of q(i). What is d(-3)?
-2
Let j(y) be the second derivative of -y**5/20 + y**3/6 - 6*y**2 + 14*y + 4. Determine j(0).
-12
Let w(h) = -4*h - 77. Let t be w(-20). Let g(b) = 20*b**2 - 29*b - 8. Let l(x) = 7*x**2 - 10*x - 3. Let k(q) = 6*g(q) - 17*l(q). Determine k(t).
0
Let o(c) = 3*c**2 + 7*c + 8. Let q(s) = 3*s - 7. Let i be q(3). Let v(k) = 13*k**2 + 28*k + 33. Let x(z) = i*v(z) - 9*o(z). Give x(-6).
0
Let u be (2 + (-48)/4)/(-2). Let d(z) = 5*z + 3. What is d(u)?
28
Let g be ((-1274)/56)/13 - (-1)/(-4). Let d(n) be the first derivative of -3*n**4/4 + n**2/2 - n + 1. Calculate d(g).
21
Let i(x) be the first derivative of x**4/4 - 2*x**3 + 5*x**2/2 - 4*x - 3. Give i(5).
-4
Let d(y) = -3*y - 9. Let p be d(7). Suppose g + 0 = 4*h - 12, 4*g - 37 = -h. Let z be p/g + (-3)/12. Let f(u) = u**3 + 5*u**2 + 3*u - 4. Calculate f(z).
0
Let h(j) = -37*j + 26. Let y(n) = -7*n + 5. Let p(d) = 2*h(d) - 11*y(d). Suppose -9 + 30 = 3*z. Let o = -5 + z. Calculate p(o).
3
Let v(z) = -3*z + 2. Let o(n) = 4*n - 3. Let f(u) = 2*o(u) + 3*v(u). Let q(c) = c**3 + 2*c**2 - 4*c - 1. Let s(d) = 4*f(d) - q(d). What is s(-2)?
1
Suppose 2*u = -3*u. Let i(x) = 4 + 0*x**2 - x - x**2 + 120724*x**3 - 13 - 4 - 120723*x**3. What is i(u)?
-13
Let r be ((-6)/7)/(1/(-7)). Suppose -r*d + 4*d = 0. Let z(u) = -13*u**3 - 794 + 14*u**3 + 797 + u. What is z(d)?
3
Suppose 29 = -4*r - 5*d, -40 = 6*d + 2*d. Let u(n) = -6*n**3 + n**2 + n. Determine u(r).
6
Suppose -4*i - y = 20, -2*i = i - 3*y + 30. Let v(t) = t**2 + 9*t + 5. Give v(i).
-13
Let i(d) = 0*d**2 - 2550*d + 2*d**3 - 5*d**2 - d**3 + 2555*d. Let l = -5 + 9. Give i(l).
4
Let l(y) be the first derivative of -9/2*y**2 - 10 + 8*y + 1/3*y**3. Calculate l(9).
8
Suppose -4*y = -w - y + 12, 5*w - 43 = -2*y. Let o be -6*(0 - 3/w). Let x(l) = 4*l**3 - 2*l**2 - 3*l + 2. Give x(o).
20
Let x(r) = r - 1. Suppose 6 = 4*l + b, 4*b + 3 = 4*l + 7. Let a(h) = -3. Let z(p) = l*a(p) - x(p). What is z(5)?
-7
Let l(v) = 14*v**2 - 29*v - 7 + 7*v**2 + 8*v**2 - 31*v**2. Determine l(-14).
7
Let p(i) = 9877*i - 1 - 9872*i + 4. Dete